81*n**2 - 692274*n + 232. Give w(112).
8
Let w(d) = -d**3 + 9*d**2 - 41*d + 65. Give w(3).
-4
Let d(c) = -33702*c - 2089491. Calculate d(-62).
33
Let a(g) = -77*g**2 - 289*g + 2. Give a(-5).
-478
Let t(r) = 45617*r + 48582106. Determine t(-1065).
1
Let b(x) = 2*x**2 + 3307*x + 1364045. Calculate b(-788).
17
Let q(k) = -6*k**3 + 104*k**2 + 455*k - 8300. Determine q(17).
13
Let d(z) = -1081*z**2 + 34621*z - 944. Give d(32).
-16
Let f(c) = 393*c + 27109. Determine f(-69).
-8
Let x(h) = 2966*h - 441943. Calculate x(149).
-9
Let c(y) = -y**3 + 7*y**2 + 101*y + 138. Calculate c(15).
-147
Let y(z) = -2*z**3 - 766*z**2 + 362*z - 155901. Determine y(-384).
3
Let a(d) = -914*d + 58488. Give a(64).
-8
Let u(p) = 3*p**2 - 2533*p + 27512. Calculate u(11).
12
Let u(j) = 199165*j + 4580786. Give u(-23).
-9
Let d(y) = -445*y**2 - 25261*y + 5933. What is d(-57)?
5
Let s(q) = 3228*q - 54404. Calculate s(17).
472
Let l(q) = 637186*q + 15292467. Determine l(-24).
3
Let j(m) = -3*m**2 + 2035*m - 261591. What is j(506)?
11
Let k(q) = -89*q - 795. Give k(-29).
1786
Let g(a) = -4*a**3 + 84*a**2 - 330*a - 315. What is g(6)?
-135
Let d(n) = -13*n**3 + 251*n**2 - 84*n + 159. Determine d(19).
7
Let d(h) = 124*h**2 + 1254*h + 121. Give d(-10).
-19
Let m(v) = -11818*v - 165150. What is m(-14)?
302
Let i(l) = -232*l**2 - 4644*l + 84. Determine i(-20).
164
Let r(f) = -f**3 - 257*f**2 - 1969*f + 5668. Give r(-249).
-59
Let k(t) = -8*t**2 + 72*t + 1730. What is k(20)?
-30
Let o(z) = -554583*z + 3327474. Calculate o(6).
-24
Let w(f) = 4*f**3 - 553*f**2 + 3302*f - 269. Determine w(132).
-5
Let g(i) = 11061*i - 221183. What is g(20)?
37
Let s(o) = -26808*o + 1206388. Give s(45).
28
Let r(u) = -94254*u - 2073587. What is r(-22)?
1
Let f(i) = -i**2 + 11*i + 9799. Determine f(-91).
517
Let p(u) = -704*u + 5407. What is p(8)?
-225
Let z(d) = 90329*d + 180651. What is z(-2)?
-7
Let c(k) = 2*k**3 + 118*k**2 + 831*k + 123. Give c(-8).
3
Let s(b) = 2*b**2 + 126*b - 111. Determine s(-53).
-1171
Let b(v) = 3*v**2 - 800*v - 11195. Give b(280).
5
Let y(k) = -347*k - 212. What is y(1)?
-559
Let s(u) = -422*u**2 + 145*u + 145. Calculate s(-1).
-422
Let w(y) = 2*y**3 + 150*y**2 - 166*y - 465. Calculate w(-76).
599
Let a(s) = 16*s**2 + 16*s - 46. What is a(3)?
146
Let t(j) = 69*j**2 - 294*j + 1477. Determine t(5).
1732
Let a(i) = 5*i**2 - 512*i - 310016. What is a(-203)?
-35
Let h(f) = -3*f**2 + 610*f + 5089. Calculate h(210).
889
Let r(g) = 4*g**2 + 1163*g + 11592. Give r(-10).
362
Let b(l) = 117*l - 2430. Calculate b(18).
-324
Let n(g) = -2*g**2 - 147*g - 10. What is n(-78)?
-712
Let n(v) = 154132*v + 616565. What is n(-4)?
37
Let i(t) = 9946*t - 119290. What is i(12)?
62
Let t(h) = 269*h**2 - 72735*h + 72733. What is t(1)?
267
Let u(q) = 2*q**2 + 1270*q + 21013. Calculate u(-17).
1
Let h(u) = -u**3 + 816*u**2 + 22762*u + 20. Give h(-27).
-7
Let t(z) = z**2 + 355*z - 66095. Give t(135).
55
Let r(f) = -305647*f + 916935. Determine r(3).
-6
Let l(t) = t**3 - 15*t**2 + 5586*t - 33275. What is l(6)?
-83
Let w(p) = 161*p**2 + 6396*p - 1835. Determine w(-40).
-75
Let s(d) = -14542*d + 363574. Calculate s(25).
24
Let q(d) = -2*d**2 + 491*d + 22242. Determine q(283).
1017
Let b(h) = -h**2 - 496*h + 76955. Give b(124).
75
Let h(t) = t**2 + 60*t - 183145. Give h(399).
-4
Let x(b) = -b**3 - 123*b**2 + 5178*b - 1003. Give x(33).
-13
Let k(d) = -104*d + 832. Give k(4).
416
Let y(t) = -13226*t + 7962049. Calculate y(602).
-3
Let x(k) = 2073*k - 24190. What is x(12)?
686
Let b(j) = 90290*j + 180581. Determine b(-2).
1
Let s(h) = -h**3 - 11*h**2 - 60701*h - 546152. Give s(-9).
-5
Let g(l) = -l**3 + 13*l**2 + 607*l + 1620. Calculate g(-17).
-29
Let r(u) = -u**3 - 27*u**2 + 39*u + 1662. Determine r(-26).
-28
Let m(n) = 56322*n - 11. What is m(0)?
-11
Let p(c) = -237*c - 11070. Determine p(-62).
3624
Let t(p) = -p**3 - 17*p**2 - 29*p - 338. Determine t(-9).
-725
Let b(f) = 6*f**3 - 96*f**2 + 192*f - 5. What is b(2)?
43
Let c(s) = -s**3 + 4*s**2 + 1153*s + 6558. Calculate c(-6).
0
Let u(z) = -64577*z + 1227015. Determine u(19).
52
Let h(o) = -524*o - 131559. Give h(-251).
-35
Let x(s) = 2*s**3 + 135*s**2 + 318*s - 612. What is x(-65)?
-157
Let w(v) = v**2 + 176*v + 7177. What is w(-64)?
9
Let g(a) = a**3 - 32*a**2 + 48*a - 914. Calculate g(30).
-1274
Let m(c) = 144*c**2 - 95*c + 249. Calculate m(3).
1260
Let x(g) = -19*g**2 - 757*g + 1252. Calculate x(-41).
350
Let x(d) = 2103*d - 7796. What is x(3)?
-1487
Let n(q) = -315*q**2 + 17639*q + 101. Give n(56).
45
Let z(t) = -t**3 + 75*t**2 - 70*t - 284. Determine z(74).
12
Let z(o) = -2*o**3 - 37*o**2 - 355*o - 877. What is z(-4)?
79
Let u(y) = 442*y + 6917. Give u(-16).
-155
Let u(m) = -21223*m + 42444. What is u(2)?
-2
Let v(m) = 417*m + 8427. Determine v(-20).
87
Let w(q) = q**3 - 74*q**2 - 2323*q - 2120. Calculate w(-23).
-4
Let c(r) = r**2 - 208*r + 8494. Give c(50).
594
Let z(x) = 3*x**2 - 10630*x - 549928. What is z(-51)?
5
Let f(o) = 1371*o - 4120. Determine f(3).
-7
Let m(i) = -3*i**2 + 465*i - 15018. Determine m(109).
24
Let p(v) = -25210*v - 176459. Give p(-7).
11
Let q(t) = 99*t**2 - 699*t + 2092. Give q(3).
886
Let u(i) = -486*i + 51832. Determine u(105).
802
Let u(i) = -i**2 - 27*i + 177. Determine u(-34).
-61
Let x(s) = 339*s + 216959. Give x(-640).
-1
Let s(u) = -991*u + 12258. What is s(13)?
-625
Let f(r) = -r**3 - 18*r**2 - 36*r - 252. Calculate f(-13).
-629
Let t(s) = -s**3 + 70*s**2 - 207*s + 72516. What is t(79)?
-6
Let s(q) = -7*q**2 + 512*q - 6248. What is s(58)?
-100
Let l(x) = -16*x**2 - 759*x + 2900. Calculate l(-51).
-7
Let r(x) = 11587*x - 498174. What is r(43)?
67
Let y(j) = 2*j**3 + 16*j**2 + 139*j + 1241. Determine y(-9).
-172
Let t(c) = 159*c + 41133. Determine t(-255).
588
Let g(j) = 2625*j + 2455. Give g(-1).
-170
Let f(w) = 3*w**3 - 88*w**2 + 554*w - 6. What is f(7)?
589
Let c(m) = -617*m - 16933. Determine c(-27).
-274
Let a(x) = -6*x**2 - 1235*x + 210. Calculate a(-206).
4
Let q(w) = -442*w + 99589. What is q(225)?
139
Let g(i) = i**2 - 1528*i + 6197. Determine g(4).
101
Let z(i) = i**3 + 305*i**2 - 358*i - 15932. Give z(-306).
-20
Let c(q) = -378*q + 26231. What is c(71)?
-607
Let w(m) = -2601*m + 9028. Give w(5).
-3977
Let v(k) = 23*k**2 - 313*k - 4292. Give v(-14).
4598
Let z(p) = -2*p**2 - 516*p - 12923. What is z(-28)?
-43
Let x(j) = -7465*j - 52274. What is x(-7)?
-19
Let r(k) = k**2 + 41*k - 516. What is r(-49)?
-124
Let c(i) = 2*i**2 - 37*i - 3278. Determine c(-32).
-46
Let h(p) = 16190*p**2 + 4581770*p - 4. Calculate h(-283).
-4
Let j(f) = 2*f**3 + 297*f**2 - 1691*f - 272174. Calculate j(-148).
-2
Let p(k) = -99*k**3 + 9*k**2 + 149*k + 388. Give p(-3).
2695
Let a(i) = -i**2 + 709*i - 17672. Determine a(26).
86
Let o(w) = -139*w**3 + 2*w**2 + 29*w + 69. Calculate o(-2).
1131
Let w(f) = -2*f**3 - 52*f**2 + 155*f - 271. Calculate w(-29).
280
Let g(n) = 769*n + 2393. Give g(-4).
-683
Let c(y) = 98319*y - 393281. What is c(4)?
-5
Let i(h) = -934*h - 10564. Give i(-11).
-290
Let c(m) = 33*m - 2472. Give c(57).
-591
Let l(b) = 2*b**3 + 35*b**2 - 154*b - 317. Determine l(-21).
-170
Let i(f) = 1203*f - 3844. Determine i(3).
-235
Let n(m) = -2*m**3 + 76*m**2 - 127*m + 627. Give n(37).
-1334
Let u(a) = -1072*a + 192029. Give u(179).
141
Let w(v) = -2*v**3 - 112*v**2 - 1280*v - 1. Calculate w(-40).
-1
Let w(y) = -5*y**3 + 150*y**2 - 1117*y + 203. Calculate w(17).
-1
Let x(k) = 8*k**2 + 129*k + 657. Give x(-9).
144
Let x(c) = 911*c - 51018. Determine x(56).
-2
Let j(l) = 7151*l + 43388. What is j(-6)?
482
Let m(o) = -o**3 - 687*o**2 + 4172*o + 9665. Determine m(-693).
-37
Let u(i) = i**3 + 12*i**2 + 157*i + 2592. Give u(-17).
-1522
Let g(v) = -v**3 - 53*v**2 + 108*v - 6810. Determine g(-57).
30
Let i(d) = 85*d**2 - 20799*d - 27302. What is i(246)?
4
Let s(z) = -z**3 + 10*z**2 + 5*z - 51. What is s(10)?
-1
Let k(r) = -62*r - 4705. Give k(-64).
-737
Let d(g) = 7892*g + 142029. Give d(-18).
-27
Let q(g) = g**2 + 934*g + 13865. What is q(-15)?
80
Let b(r) = 136*r - 7155. Give b(57).
597
Let d(j) = 12408*j + 24281. Calculate d(-2).
-535
Let x(o) = -256007*o - 7168221. Calculate x(-28).
-25
Let v(y) = -8*y**2 - 57051*y + 114095. Calculate v(2).
-39
Let a(y) = -2*y**2 - 467*y - 8920. Calculate a(-21).
5
Let p(l) = -2*l**3 - 6*l**2 - 301*